6338.
714
Calculate the highest common factor of 45578 and 2938.
26
What is the highest common divisor of 757563 and 2708?
677
What is the greatest common divisor of 18000 and 27?
9
What is the greatest common factor of 183360 and 1240?
40
Calculate the highest common divisor of 120 and 1235240.
40
Calculate the highest common divisor of 528 and 12840.
24
What is the highest common factor of 141 and 205907?
47
Calculate the greatest common divisor of 6042 and 2166.
114
What is the greatest common factor of 46426 and 11120?
278
What is the greatest common factor of 50000 and 1120?
80
What is the greatest common divisor of 1421 and 15196?
29
Calculate the highest common factor of 2950 and 38200.
50
Calculate the highest common divisor of 309834 and 468.
18
Calculate the highest common divisor of 284146 and 62.
62
Calculate the greatest common divisor of 38999 and 4661.
59
Calculate the highest common factor of 12570 and 300.
30
Calculate the highest common factor of 3015 and 324.
9
What is the highest common factor of 16072 and 2255?
41
What is the greatest common factor of 211128 and 912?
456
Calculate the greatest common divisor of 3150 and 1068900.
1050
Calculate the greatest common factor of 90 and 20880.
90
What is the greatest common divisor of 122233 and 31?
31
Calculate the highest common divisor of 10998 and 252.
18
What is the greatest common divisor of 10207 and 8823?
173
What is the highest common factor of 1968 and 3326576?
656
Calculate the highest common factor of 24 and 78612.
12
Calculate the greatest common factor of 165 and 377619.
33
What is the greatest common factor of 1404563 and 1874?
937
What is the highest common factor of 9808 and 33715?
613
Calculate the greatest common factor of 38335 and 770.
55
What is the highest common divisor of 711 and 1229793?
237
Calculate the greatest common factor of 132 and 795916.
44
Calculate the highest common divisor of 317 and 266914.
317
What is the highest common factor of 549 and 127002?
183
Calculate the highest common factor of 2177641 and 213.
71
What is the greatest common factor of 186 and 533448?
186
Calculate the greatest common factor of 167909 and 415.
83
What is the highest common divisor of 20 and 81140?
20
Calculate the highest common divisor of 9075 and 60225.
825
Calculate the highest common divisor of 4940 and 152.
76
Calculate the highest common divisor of 1656 and 5290.
46
What is the greatest common divisor of 11130 and 20?
10
What is the greatest common divisor of 134719 and 52?
13
What is the greatest common divisor of 2334 and 183608?
778
What is the highest common divisor of 125913 and 399?
57
What is the greatest common factor of 171 and 10125?
9
Calculate the greatest common divisor of 3500 and 15820.
140
Calculate the greatest common factor of 3 and 7267.
1
Calculate the highest common divisor of 86879 and 22657.
163
What is the highest common divisor of 417490 and 30?
10
Calculate the greatest common divisor of 201568 and 16.
16
What is the highest common factor of 8 and 7475584?
8
Calculate the greatest common factor of 7802 and 3154.
166
Calculate the highest common divisor of 709852 and 102.
34
Calculate the greatest common divisor of 6960 and 2640.
240
What is the highest common factor of 2590 and 4255?
185
What is the greatest common divisor of 698023 and 61?
61
Calculate the highest common divisor of 4 and 8992.
4
What is the highest common divisor of 11990 and 125620?
110
What is the greatest common divisor of 9325 and 2950?
25
Calculate the greatest common divisor of 3268 and 6106.
86
What is the greatest common divisor of 4524 and 798863?
377
Calculate the highest common divisor of 546 and 1204658.
182
Calculate the greatest common divisor of 21889 and 23744.
371
Calculate the greatest common divisor of 235 and 14429.
47
What is the greatest common factor of 1520 and 119567?
19
Calculate the highest common divisor of 60 and 384345.
15
Calculate the highest common factor of 336 and 13647144.
168
What is the highest common divisor of 830 and 530?
10
What is the highest common factor of 365 and 101251?
73
What is the highest common factor of 216891 and 5481?
783
What is the greatest common divisor of 165 and 16620?
15
Calculate the greatest common factor of 36 and 508.
4
Calculate the greatest common divisor of 209 and 7298071.
209
Calculate the greatest common divisor of 141714 and 18.
18
Calculate the greatest common factor of 1446 and 1928.
482
What is the greatest common factor of 267 and 1044237?
267
Calculate the highest common factor of 159 and 150.
3
What is the greatest common factor of 50140 and 35765?
115
What is the highest common divisor of 280599 and 2904?
363
What is the highest common factor of 3 and 62121?
3
Calculate the highest common divisor of 50 and 110130.
10
What is the greatest common divisor of 960906 and 228?
114
Calculate the highest common factor of 10158 and 6.
6
What is the greatest common divisor of 69 and 916711?
23
Calculate the highest common divisor of 5694 and 2496.
78
What is the greatest common factor of 2979968 and 496?
496
What is the highest common divisor of 171556 and 2618?
154
Calculate the greatest common factor of 290332 and 686.
14
What is the greatest common divisor of 3698856 and 82?
82
Calculate the greatest common divisor of 140 and 30630.
10
Calculate the greatest common factor of 948055 and 635.
635
What is the greatest common divisor of 2666 and 5184037?
1333
What is the greatest common divisor of 7875 and 1008?
63
Calculate the highest common divisor of 26 and 20484958.
26
Calculate the highest common factor of 2376 and 16049.
11
Calculate the highest common divisor of 707 and 2180489.
101
What is the greatest common factor of 70550 and 935?
85
What is the greatest common factor of 49196 and 7?
7
Calculate the highest common divisor of 42 and 1400.
14
What is the highest common divisor of 4578 and 336?
42
What is the greatest common divisor of 2352 and 1127?
49
What is the highest common factor of 3005 and 1120?
5
What is the greatest common divisor of 154 and 140371?
77
Calculate the greatest common divisor of 238 and 5383.
7
What is the greatest common divisor of 532 and 183616?
76
What is the greatest common divisor of 5203 and 297781?
121
Calculate the greatest common factor of 17453 and 143002.
563
What is the greatest common divisor of 896 and 2056?
8
What is the greatest common divisor of 35343 and 945?
189
What is the highest common factor of 108870 and 90?
30
What is the highest common factor of 77 and 1639?
11
What is the greatest common factor of 1087848 and 20880?
2088
What is the highest common factor of 10989 and 279?
9
Calculate the highest common factor of 55588 and 3406.
26
Calculate the greatest common divisor of 94 and 1300819.
47
What is the highest common divisor of 2878797 and 153?
51
Calculate the highest common divisor of 1287 and 19851.
39
Calculate the greatest common factor of 786 and 11566514.
262
Calculate the greatest common divisor of 2227 and 28820.
131
What is the highest common divisor of 270 and 970?
10
Calculate the highest common divisor of 418072 and 16.
8
Calculate the greatest common divisor of 284052 and 36.
12
What is the highest common divisor of 7293 and 11407?
187
What is the highest common factor of 25 and 438295?
5
What is the highest common factor of 3355 and 880352?
671
What is the greatest common factor of 2627228 and 4548?
1516
What is the greatest common factor of 750 and 590500?
250
Calculate the greatest common factor of 1003 and 19411.
59
Calculate the greatest common factor of 266150 and 470.
10
Calculate the greatest common divisor of 12 and 262548.
12
What is the highest common divisor of 477 and 2491?
53
What is the highest common divisor of 12804 and 264?
132
Calculate the greatest common divisor of 174 and 1810992.
174
Calculate the highest common divisor of 74764 and 6.
2
What is the greatest common factor of 479300 and 500?
100
Calculate the highest common factor of 45758 and 274.
274
What is the highest common factor of 2317172 and 2860?
572
Calculate the highest common divisor of 52772 and 28124.
316
Calculate the greatest common divisor of 325 and 14806025.
325
Calculate the greatest common factor of 2475216 and 96.
48
Calcul